{"id":26,"date":"2026-02-11T10:48:34","date_gmt":"2026-02-11T09:48:34","guid":{"rendered":"https:\/\/informatek.fr\/?page_id=26"},"modified":"2026-02-17T15:54:53","modified_gmt":"2026-02-17T14:54:53","slug":"services","status":"publish","type":"page","link":"https:\/\/informatek.fr\/index.php\/services\/","title":{"rendered":"Services"},"content":{"rendered":"\n<div class=\"wp-block-group is-layout-constrained wp-block-group-is-layout-constrained\">\n<div class=\"wp-block-columns has-primary-color has-background-background-color has-text-color has-background has-link-color wp-elements-92f30d9d2d70a5ac7d04d5a3cc168c1d is-layout-flex wp-container-core-columns-is-layout-dd4e8df2 wp-block-columns-is-layout-flex\" style=\"margin-top:var(--wp--preset--spacing--30);margin-bottom:var(--wp--preset--spacing--30);padding-right:0;padding-left:0\">\n<div class=\"wp-block-column is-layout-flow wp-container-core-column-is-layout-81eb3de5 wp-block-column-is-layout-flow\" style=\"padding-right:var(--wp--preset--spacing--40);padding-left:var(--wp--preset--spacing--40)\">\n<h2 class=\"wp-block-heading has-text-align-center has-background-color has-accent-background-color has-text-color has-background has-link-color wp-elements-70bab4b1c42046c6ef969e59d25236a9\">Conseils &amp; Equipements Informatique  T\u00e9l\u00e9phonie IP<\/h2>\n\n\n\n<figure class=\"wp-block-image aligncenter size-full is-resized has-custom-border\" style=\"margin-top:var(--wp--preset--spacing--20);margin-bottom:1.8rem\"><img fetchpriority=\"high\" decoding=\"async\" width=\"800\" height=\"418\" src=\"https:\/\/informatek.fr\/wp-content\/uploads\/2026\/02\/Blog_Cover_Image_62_2ed3560b-4672-4a1d-a8a6-7fb3e43d912b_800x.webp\" alt=\"\" class=\"wp-image-221\" style=\"border-style:none;border-width:0px;border-top-left-radius:5px;border-top-right-radius:5px;border-bottom-left-radius:5px;border-bottom-right-radius:5px;aspect-ratio:1.913981809773393;width:366px;height:auto\" srcset=\"https:\/\/informatek.fr\/wp-content\/uploads\/2026\/02\/Blog_Cover_Image_62_2ed3560b-4672-4a1d-a8a6-7fb3e43d912b_800x.webp 800w, https:\/\/informatek.fr\/wp-content\/uploads\/2026\/02\/Blog_Cover_Image_62_2ed3560b-4672-4a1d-a8a6-7fb3e43d912b_800x-300x157.webp 300w, https:\/\/informatek.fr\/wp-content\/uploads\/2026\/02\/Blog_Cover_Image_62_2ed3560b-4672-4a1d-a8a6-7fb3e43d912b_800x-768x401.webp 768w\" sizes=\"(max-width: 800px) 100vw, 800px\" \/><\/figure>\n\n\n\n<p class=\"has-small-font-size\">Nous accompagnons les entreprises dans le choix, le d\u00e9ploiement et l\u2019optimisation de leurs \u00e9quipements informatiques et de leurs syst\u00e8mes de t\u00e9l\u00e9phonie IP.<\/p>\n\n\n\n<p class=\"has-text-align-left has-small-font-size\">De l\u2019audit de vos besoins \u00e0 l\u2019installation compl\u00e8te, nous vous proposons des solutions fiables, \u00e9volutives et adapt\u00e9es \u00e0 votre budget.<\/p>\n\n\n\n<p class=\"has-small-font-size\"><strong>Nos prestations :<\/strong><\/p>\n\n\n\n<ul class=\"wp-block-list has-small-font-size\">\n<li>Maintenance et pr\u00e9vention continue <\/li>\n\n\n\n<li>Audit et conseil en infrastructure IT<\/li>\n\n\n\n<li>Fourniture de postes informatiques, serveurs et \u00e9quipements r\u00e9seau<\/li>\n\n\n\n<li>Installation et configuration compl\u00e8te<\/li>\n\n\n\n<li>Solutions de t\u00e9l\u00e9phonie IP (VoIP, standard virtuel, postes IP)<\/li>\n<\/ul>\n<\/div>\n\n\n\n<div class=\"wp-block-column has-small-font-size is-layout-flow wp-container-core-column-is-layout-22223934 wp-block-column-is-layout-flow\">\n<h2 class=\"wp-block-heading has-text-align-center has-background-color has-accent-background-color has-text-color has-background has-link-color wp-elements-262f5bd22c7f542f2486c4a630e2e533\">Copieurs Bureautiques<\/h2>\n\n\n\n<p><\/p>\n\n\n\n<figure class=\"wp-block-image aligncenter size-large is-resized has-custom-border\" style=\"margin-top:1.7rem;margin-bottom:1.7rem\"><img decoding=\"async\" width=\"1024\" height=\"623\" src=\"https:\/\/informatek.fr\/wp-content\/uploads\/2026\/02\/shutterstock_2038694612-1-1024x623.jpg\" alt=\"\" class=\"wp-image-223\" style=\"border-top-left-radius:5px;border-top-right-radius:5px;border-bottom-left-radius:5px;border-bottom-right-radius:5px;aspect-ratio:1.6437413119745814;width:307px;height:auto\" srcset=\"https:\/\/informatek.fr\/wp-content\/uploads\/2026\/02\/shutterstock_2038694612-1-1024x623.jpg 1024w, https:\/\/informatek.fr\/wp-content\/uploads\/2026\/02\/shutterstock_2038694612-1-300x183.jpg 300w, https:\/\/informatek.fr\/wp-content\/uploads\/2026\/02\/shutterstock_2038694612-1-768x467.jpg 768w, https:\/\/informatek.fr\/wp-content\/uploads\/2026\/02\/shutterstock_2038694612-1-1536x935.jpg 1536w, https:\/\/informatek.fr\/wp-content\/uploads\/2026\/02\/shutterstock_2038694612-1-2048x1247.jpg 2048w\" sizes=\"(max-width: 1024px) 100vw, 1024px\" \/><\/figure>\n\n\n\n<p>Nous proposons des solutions d\u2019impression professionnelles adapt\u00e9es \u00e0 votre volume et \u00e0 vos besoins m\u00e9tiers.<\/p>\n\n\n\n<p>Audit, installation, maintenance et gestion des consommables : nous simplifions votre environnement d\u2019impression tout en ma\u00eetrisant vos co\u00fbts.<\/p>\n\n\n\n<p><br><strong>Nos solutions :<\/strong><\/p>\n\n\n\n<ul class=\"wp-block-list\">\n<li>Copieurs multifonctions professionnels<\/li>\n\n\n\n<li>Audit des co\u00fbts d\u2019impression<\/li>\n\n\n\n<li>Contrats de maintenance<\/li>\n\n\n\n<li>Gestion centralis\u00e9e des impressions<\/li>\n\n\n\n<li>S\u00e9curisation des flux d\u2019impression<\/li>\n<\/ul>\n<\/div>\n<\/div>\n\n\n\n<div class=\"wp-block-columns is-layout-flex wp-container-core-columns-is-layout-28f84493 wp-block-columns-is-layout-flex\">\n<div class=\"wp-block-column is-layout-flow wp-block-column-is-layout-flow\">\n<div class=\"wp-block-buttons theme-btn is-content-justification-center is-layout-flex wp-container-core-buttons-is-layout-a89b3969 wp-block-buttons-is-layout-flex\" style=\"border-top-left-radius:100px;border-top-right-radius:100px;border-bottom-left-radius:100px;border-bottom-right-radius:100px\">\n<div class=\"wp-block-button has-custom-width wp-block-button__width-75\"><a class=\"wp-block-button__link has-background-color has-black-background-color has-text-color has-background has-tiny-font-size has-text-align-center has-custom-font-size wp-element-button\" href=\"https:\/\/informatek.fr\/index.php\/contact\/\" style=\"border-top-left-radius:100px;border-top-right-radius:100px;border-bottom-left-radius:100px;border-bottom-right-radius:100px\"><strong>Demandez un audit gratuit <\/strong><\/a><\/div>\n<\/div>\n<\/div>\n\n\n\n<div class=\"wp-block-column is-layout-flow wp-block-column-is-layout-flow\">\n<div class=\"wp-block-buttons theme-btn is-horizontal is-content-justification-center is-layout-flex wp-container-core-buttons-is-layout-03627597 wp-block-buttons-is-layout-flex\" style=\"border-style:none;border-width:0px;border-top-left-radius:100px;border-top-right-radius:100px;border-bottom-left-radius:100px;border-bottom-right-radius:100px\">\n<div class=\"wp-block-button\"><a class=\"wp-block-button__link has-background-color has-black-background-color has-text-color has-background has-tiny-font-size has-text-align-center has-custom-font-size wp-element-button\" href=\"https:\/\/informatek.fr\/index.php\/contact\/\" style=\"border-top-left-radius:100px;border-top-right-radius:100px;border-bottom-left-radius:100px;border-bottom-right-radius:100px\"><strong>Louez votre mat\u00e9riel d&rsquo;impression<\/strong><\/a><\/div>\n<\/div>\n<\/div>\n<\/div>\n\n\n\n<div class=\"wp-block-columns has-small-font-size is-layout-flex wp-container-core-columns-is-layout-28f84493 wp-block-columns-is-layout-flex\">\n<div class=\"wp-block-column is-layout-flow wp-block-column-is-layout-flow\">\n<h2 class=\"wp-block-heading has-text-align-center has-background-color has-accent-background-color has-text-color has-background has-link-color wp-elements-23d2299ceb979794b9e0d9f474954cfb\">Gestion \u00c9lectronique des Documents<\/h2>\n\n\n\n<figure class=\"wp-block-image aligncenter size-large is-resized has-custom-border\"><img decoding=\"async\" width=\"1024\" height=\"682\" src=\"https:\/\/informatek.fr\/wp-content\/uploads\/2026\/02\/80796069-pile-of-unfinished-documents-on-office-desk-stack-of-business-paper-1024x682.jpg\" alt=\"\" class=\"wp-image-238\" style=\"border-top-left-radius:5px;border-top-right-radius:5px;border-bottom-left-radius:5px;border-bottom-right-radius:5px;aspect-ratio:1.5015116700931188;width:329px;height:auto\" srcset=\"https:\/\/informatek.fr\/wp-content\/uploads\/2026\/02\/80796069-pile-of-unfinished-documents-on-office-desk-stack-of-business-paper-1024x682.jpg 1024w, https:\/\/informatek.fr\/wp-content\/uploads\/2026\/02\/80796069-pile-of-unfinished-documents-on-office-desk-stack-of-business-paper-300x200.jpg 300w, https:\/\/informatek.fr\/wp-content\/uploads\/2026\/02\/80796069-pile-of-unfinished-documents-on-office-desk-stack-of-business-paper-768x512.jpg 768w, https:\/\/informatek.fr\/wp-content\/uploads\/2026\/02\/80796069-pile-of-unfinished-documents-on-office-desk-stack-of-business-paper.jpg 1300w\" sizes=\"(max-width: 1024px) 100vw, 1024px\" \/><\/figure>\n\n\n\n<p>La d\u00e9mat\u00e9rialisation est devenue un levier strat\u00e9gique pour les entreprises.<br>Nous mettons en place des solutions de GED performantes pour centraliser, s\u00e9curiser et automatiser la gestion de vos documents.<\/p>\n\n\n\n<p><br><br><strong>B\u00e9n\u00e9fices :<\/strong><\/p>\n\n\n\n<ul class=\"wp-block-list\">\n<li>Archivage num\u00e9rique s\u00e9curis\u00e9<\/li>\n\n\n\n<li>Recherche rapide et intelligente<\/li>\n\n\n\n<li>D\u00e9mat\u00e9rialisation des factures<\/li>\n\n\n\n<li>Automatisation des workflows<\/li>\n\n\n\n<li>Conformit\u00e9 r\u00e9glementaire<\/li>\n<\/ul>\n<\/div>\n\n\n\n<div class=\"wp-block-column has-small-font-size is-layout-flow wp-block-column-is-layout-flow\">\n<h2 class=\"wp-block-heading has-text-align-center has-background-color has-accent-background-color has-text-color has-background has-link-color wp-elements-969e8085dce42cfb8366432605e3de4e\">Solutions d\u2019Intelligence Artificielle<\/h2>\n\n\n\n<figure class=\"wp-block-image aligncenter size-large is-resized has-custom-border\"><img loading=\"lazy\" decoding=\"async\" width=\"1024\" height=\"683\" src=\"https:\/\/informatek.fr\/wp-content\/uploads\/2026\/02\/HHcG_22w6gagwE5rAlavwP8fpRM2qJiA2IboLb8fbHbYo6ZhvkmY5e9uW8zqFNr8-UFempTdrAhyYbcj5zuvfOQDjtf77gxWc4RT2JP5vYw-1024x683.jpg\" alt=\"\" class=\"wp-image-235\" style=\"border-top-left-radius:5px;border-top-right-radius:5px;border-bottom-left-radius:5px;border-bottom-right-radius:5px;aspect-ratio:1.4993358290061587;width:321px;height:auto\" srcset=\"https:\/\/informatek.fr\/wp-content\/uploads\/2026\/02\/HHcG_22w6gagwE5rAlavwP8fpRM2qJiA2IboLb8fbHbYo6ZhvkmY5e9uW8zqFNr8-UFempTdrAhyYbcj5zuvfOQDjtf77gxWc4RT2JP5vYw-1024x683.jpg 1024w, https:\/\/informatek.fr\/wp-content\/uploads\/2026\/02\/HHcG_22w6gagwE5rAlavwP8fpRM2qJiA2IboLb8fbHbYo6ZhvkmY5e9uW8zqFNr8-UFempTdrAhyYbcj5zuvfOQDjtf77gxWc4RT2JP5vYw-300x200.jpg 300w, https:\/\/informatek.fr\/wp-content\/uploads\/2026\/02\/HHcG_22w6gagwE5rAlavwP8fpRM2qJiA2IboLb8fbHbYo6ZhvkmY5e9uW8zqFNr8-UFempTdrAhyYbcj5zuvfOQDjtf77gxWc4RT2JP5vYw-768x512.jpg 768w, https:\/\/informatek.fr\/wp-content\/uploads\/2026\/02\/HHcG_22w6gagwE5rAlavwP8fpRM2qJiA2IboLb8fbHbYo6ZhvkmY5e9uW8zqFNr8-UFempTdrAhyYbcj5zuvfOQDjtf77gxWc4RT2JP5vYw-1536x1024.jpg 1536w, https:\/\/informatek.fr\/wp-content\/uploads\/2026\/02\/HHcG_22w6gagwE5rAlavwP8fpRM2qJiA2IboLb8fbHbYo6ZhvkmY5e9uW8zqFNr8-UFempTdrAhyYbcj5zuvfOQDjtf77gxWc4RT2JP5vYw-2048x1365.jpg 2048w\" sizes=\"(max-width: 1024px) 100vw, 1024px\" \/><\/figure>\n\n\n\n<p>Nous int\u00e9grons des solutions d\u2019intelligence artificielle adapt\u00e9es aux besoins des entreprises pour am\u00e9liorer la productivit\u00e9 et faciliter la prise de d\u00e9cision.<br>L\u2019IA permet d\u2019automatiser certaines t\u00e2ches, d\u2019analyser vos donn\u00e9es et d\u2019optimiser vos processus internes.<\/p>\n\n\n\n<p><strong>Applications possibles :<\/strong><\/p>\n\n\n\n<ul class=\"wp-block-list\">\n<li>Automatisation de t\u00e2ches r\u00e9p\u00e9titives<\/li>\n\n\n\n<li>Analyse et traitement documentaire intelligent<\/li>\n\n\n\n<li>Assistant interne pour vos \u00e9quipes<\/li>\n\n\n\n<li>Aide \u00e0 la d\u00e9cision bas\u00e9e sur les donn\u00e9es<\/li>\n\n\n\n<li>Optimisation des performances<\/li>\n<\/ul>\n<\/div>\n<\/div>\n\n\n\n<div class=\"wp-block-columns is-layout-flex wp-container-core-columns-is-layout-28f84493 wp-block-columns-is-layout-flex\">\n<div class=\"wp-block-column is-layout-flow wp-block-column-is-layout-flow\">\n<div class=\"wp-block-buttons theme-btn is-content-justification-center is-layout-flex wp-container-core-buttons-is-layout-a89b3969 wp-block-buttons-is-layout-flex\" style=\"border-top-left-radius:100px;border-top-right-radius:100px;border-bottom-left-radius:100px;border-bottom-right-radius:100px\">\n<div class=\"wp-block-button has-custom-width wp-block-button__width-100\"><a class=\"wp-block-button__link has-background-color has-black-background-color has-text-color has-background has-tiny-font-size has-text-align-center has-custom-font-size wp-element-button\" href=\"https:\/\/informatek.fr\/index.php\/contact\/\" style=\"border-top-left-radius:100px;border-top-right-radius:100px;border-bottom-left-radius:100px;border-bottom-right-radius:100px\"><strong>D\u00e9mat\u00e9rialisez vos documents<\/strong><\/a><\/div>\n<\/div>\n<\/div>\n\n\n\n<div class=\"wp-block-column is-layout-flow wp-block-column-is-layout-flow\">\n<div class=\"wp-block-buttons theme-btn is-content-justification-center is-layout-flex wp-container-core-buttons-is-layout-a89b3969 wp-block-buttons-is-layout-flex\" style=\"border-top-left-radius:100px;border-top-right-radius:100px;border-bottom-left-radius:100px;border-bottom-right-radius:100px\">\n<div class=\"wp-block-button\"><a class=\"wp-block-button__link has-background-color has-black-background-color has-text-color has-background has-tiny-font-size has-text-align-center has-custom-font-size wp-element-button\" href=\"https:\/\/informatek.fr\/index.php\/contact\/\" style=\"border-top-left-radius:100px;border-top-right-radius:100px;border-bottom-left-radius:100px;border-bottom-right-radius:100px\"><strong>\u00catre rappel\u00e9 par un expert<\/strong><\/a><\/div>\n<\/div>\n<\/div>\n<\/div>\n<\/div>\n","protected":false},"excerpt":{"rendered":"<p>Conseils &amp; Equipements Informatique T\u00e9l\u00e9phonie IP Nous accompagnons les entreprises dans le choix, le d\u00e9ploiement et l\u2019optimisation de leurs \u00e9quipements informatiques et de leurs syst\u00e8mes de t\u00e9l\u00e9phonie IP. De l\u2019audit de vos besoins \u00e0 l\u2019installation compl\u00e8te, nous vous proposons des solutions fiables, \u00e9volutives et adapt\u00e9es \u00e0 votre budget. Nos prestations : Copieurs Bureautiques Nous proposons [&hellip;]<\/p>\n","protected":false},"author":1,"featured_media":0,"parent":0,"menu_order":0,"comment_status":"closed","ping_status":"closed","template":"","meta":{"footnotes":""},"class_list":["post-26","page","type-page","status-publish","hentry"],"_links":{"self":[{"href":"https:\/\/informatek.fr\/index.php\/wp-json\/wp\/v2\/pages\/26","targetHints":{"allow":["GET"]}}],"collection":[{"href":"https:\/\/informatek.fr\/index.php\/wp-json\/wp\/v2\/pages"}],"about":[{"href":"https:\/\/informatek.fr\/index.php\/wp-json\/wp\/v2\/types\/page"}],"author":[{"embeddable":true,"href":"https:\/\/informatek.fr\/index.php\/wp-json\/wp\/v2\/users\/1"}],"replies":[{"embeddable":true,"href":"https:\/\/informatek.fr\/index.php\/wp-json\/wp\/v2\/comments?post=26"}],"version-history":[{"count":63,"href":"https:\/\/informatek.fr\/index.php\/wp-json\/wp\/v2\/pages\/26\/revisions"}],"predecessor-version":[{"id":282,"href":"https:\/\/informatek.fr\/index.php\/wp-json\/wp\/v2\/pages\/26\/revisions\/282"}],"wp:attachment":[{"href":"https:\/\/informatek.fr\/index.php\/wp-json\/wp\/v2\/media?parent=26"}],"curies":[{"name":"wp","href":"https:\/\/api.w.org\/{rel}","templated":true}]}}